In base 7, what is -1210103636 - 3?
-1210103642
In base 13, what is -11b81b - 1c?
-11b83a
In base 5, what is 1421344410003 + 0?
1421344410003
In base 13, what is -4297523 + 2?
-4297521
In base 16, what is -34 + -8753?
-8787
In base 6, what is -13 + -2405014?
-2405031
In base 3, what is -2012122221022 + 1212?
-2012122212110
In base 13, what is -12 + -c46671a?
-c46672c
In base 9, what is -1028504 + 84?
-1028410
In base 8, what is 13 + -101420234?
-101420221
In base 9, what is 45447323 + 4?
45447327
In base 8, what is -705111 + 1763?
-703126
In base 5, what is 11010 + -13022004?
-13010444
In base 14, what is -d854a2 + -15?
-d854b7
In base 12, what is -1874b6 + 689?
-186a29
In base 2, what is 10010111110100 - 1010110000110?
1000001101110
In base 4, what is 30 + -3113003322?
-3113003232
In base 15, what is 2eb7345 + -1?
2eb7344
In base 5, what is -12422343 - -133?
-12422210
In base 9, what is 0 - -60347140?
60347140
In base 14, what is -4b7d + 150?
-4a2d
In base 15, what is 9 + 3d150?
3d159
In base 16, what is 20635 - -1fe?
20833
In base 5, what is 34304 + -44213110?
-44123301
In base 16, what is -1bc1 + -100f?
-2bd0
In base 12, what is -454543 + 36?
-454509
In base 5, what is -120110300 + 324?
-120104421
In base 9, what is -55 - -20542133?
20542067
In base 3, what is 21100 - 121200122?
-121102022
In base 8, what is -76 + -771322?
-771420
In base 16, what is -12 - 72745c?
-72746e
In base 2, what is 101 - 1010000111111000111111?
-1010000111111000111010
In base 15, what is 5a6 + 35d2?
3b88
In base 8, what is 4330 - -6512?
13042
In base 5, what is 4 + -23323010?
-23323001
In base 11, what is -4 - 1486171a8?
-148617201
In base 7, what is -364006616 - 22?
-364006641
In base 8, what is -25625 + -10151?
-35776
In base 4, what is 100203233121 - -311?
100203300032
In base 14, what is 7a + 8049?
80c5
In base 10, what is -4642137 + 3?
-4642134
In base 2, what is 100100001101000100100101001 - 10?
100100001101000100100100111
In base 16, what is -40f605 + -4?
-40f609
In base 2, what is -11000011 + -110111110101110?
-111000001110001
In base 14, what is -1a20a3d - 2b?
-1a20a6a
In base 2, what is 1000011 - 11101111000011010001?
-11101111000010001110
In base 8, what is 1 + -115432552?
-115432551
In base 8, what is -6 + 55431452?
55431444
In base 6, what is 12 - 31404121?
-31404105
In base 4, what is -1000210 - 320322000?
-321322210
In base 8, what is -133 + -4225776?
-4226131
In base 4, what is 33000001312 - 0?
33000001312
In base 16, what is 11d - f73e?
-f621
In base 2, what is 1000001101111000011101 + -1011011?
1000001101110111000010
In base 15, what is 6d67ed - 43?
6d67aa
In base 15, what is b3 - 26a?
-1a7
In base 3, what is -2200021222 - -201022?
-2122120200
In base 16, what is 16 + -3335c8?
-3335b2
In base 8, what is -2670416 + 20?
-2670376
In base 4, what is -13311202 - -131?
-13311011
In base 10, what is 87634 - -1809?
89443
In base 12, what is 12376a - -18?
123786
In base 10, what is -3 - 47564461?
-47564464
In base 16, what is 7af91 + -19f?
7adf2
In base 4, what is -1120223 + -221332?
-2002221
In base 5, what is 412340140 - 34?
412340101
In base 16, what is 8 - -f92743?
f9274b
In base 12, what is -1930848 - -25?
-1930823
In base 7, what is 5 + -3330516354?
-3330516346
In base 11, what is -3 - -7321208?
7321205
In base 6, what is 2213104032 - 44?
2213103544
In base 14, what is 5 + -c2b103?
-c2b0dc
In base 13, what is -3c574 - -b3?
-3c491
In base 11, what is 1002 - -47a29?
48a30
In base 14, what is -5c0799 - -75?
-5c0724
In base 15, what is 1a543a0 + 1?
1a543a1
In base 15, what is -123858c + 3?
-1238589
In base 7, what is -43 + 31203020?
31202644
In base 5, what is 2 + -422423020?
-422423013
In base 2, what is 10110001001111001000100 - 11?
10110001001111001000001
In base 4, what is -2 - -10021203311112?
10021203311110
In base 14, what is -2 - -1177865c?
1177865a
In base 16, what is -902 - 81aeb?
-823ed
In base 6, what is 200513204 + -2?
200513202
In base 16, what is -5adf + 117?
-59c8
In base 11, what is a0990374 - 0?
a0990374
In base 9, what is -5887655 + 21?
-5887634
In base 2, what is -101 + 1111001100100010000010010?
1111001100100010000001101
In base 10, what is -18531 + -243?
-18774
In base 16, what is -38 + -164714?
-16474c
In base 2, what is -1100001011110000 + 1100010?
-1100001010001110
In base 15, what is 71c3b - 20?
71c1b
In base 14, what is -15bc0b76 + -2?
-15bc0b78
In base 9, what is -5322302 - 2?
-5322304
In base 15, what is -b8 + 63e131?
63e068
In base 7, what is -1133 - -62126?
60663
In base 5, what is -1 + 143244023?
143244022
In base 6, what is 4 + -3345004324?
-3345004320
In base 10, what is -21522 - 596?
-22118
In base 14, what is -b2 - -786c67?
786b95
In base 9, what is 4170328 - 40?
4170278
In base 13, what is -1509191 + -3?
-1509194
In base 10, what is 5 - -1677555?
1677560
In base 13, what is -559 + 9067c?
90123
In base 11, what is 28 + 204153?
204180
In base 12, what is 3 - -10222626?
10222629
In base 9, what is -26122130 - 1?
-26122131
In base 2, what is 101110011111010010100 + 11?
101110011111010010111
In base 6, what is -111131221 + -201?
-111131422
In base 4, what is 10103 - 23002031?
-22331322
In base 9, what is -15 + 1332773?
1332757
In base 7, what is 4253320 + -35?
4253252
In base 15, what is 3 - 21016?
-21013
In base 14, what is -23559dc3 + -1?
-23559dc4
In base 12, what is 6b265 - -31?
6b296
In base 5, what is -24 + 30023231?
30023202
In base 14, what is 11dc50 - -19a?
12000a
In base 15, what is -31b6e - 9c6?
-32645
In base 7, what is -111161 + -110004?
-221165
In base 4, what is 220003 + 1033132?
1313201
In base 2, what is -100100110 + 1111111010111011011011?
1111111010110110110101
In base 9, what is -22528531 + -1?
-22528532
In base 15, what is -1786b + -367?
-17bd3
In base 13, what is 11b + -943cbc?
-943ba1
In base 16, what is -7bf1ea + 2?
-7bf1e8
In base 2, what is 101101110 - 10001100101001000?
-10001011111011010
In base 10, what is 302070162 + 2?
302070164
In base 2, what is -101 - -1001111111001010011111110?
1001111111001010011111001
In base 4, what is 20323 + 131100111?
131121100
In base 2, what is 11110001 - -10001011010001110?
10001011101111111
In base 14, what is -5c + -89a6?
-8a24
In base 5, what is 10 + 210111111?
210111121
In base 9, what is 307316745 - 1?
307316744
In base 3, what is 100 + 1101210112202?
1101210120002
In base 5, what is 12 + 2342443003?
2342443020
In base 4, what is 3001 + 3313220101?
3313223102
In base 5, what is 1002 + 2301403?
2302410
In base 10, what is 0 - -3485209?
3485209
In base 2, what is 1001010011111001001011101 + 10010?
1001010011111001001101111
In base 15, what is 1 - -144e?
1450
In base 6, what is -12 - 211410244?
-211410300
In base 12, what is -77135 - 532?
-77667
In base 3, what is -101102111220 + -101101?
-101102220021
In base 6, what is 1221 + 22002012?
22003233
In base 9, what is 342 + 65436?
65778
In base 12, what is b - 3bb996?
-3bb987
In base 8, what is 263055 + 33?
263110
In base 8, what is -246 + -3772247?
-3772515
In base 10, what is -37153130 + 3?
-37153127
In base 13, what is -904 - 36c9?
-4300
In base 7, what is 5 - 241012020?
-241012012
In base 2, what is 10101100110011010100 + -10000100?
10101100110001010000
In base 16, what is -14aab233 - -5?
-14aab22e
In base 13, what is -60 + 56135?
560a5
In base 11, what is -8259 + -1434?
-9692
In base 4, what is 12 - 11331213033?
-11331213021
In base 16, what is 1 - 2a00bf3?
-2a00bf2
In base 7, what is -1520 + 5045242?
5043422
In base 3, what is -2202121202022 - 1110?
-2202121210202
In base 11, what is 57774250 - 0?
57774250
In base 9, what is -265013061 + -2?
-265013063
In base 6, what is 2213343234 - -20?
2213343254
In base 7, what is 56316 + -233?
56053
In base 5, what is -242 - -211123101?
211122304
In base 7, what is 2114016 + -15?
2114001
In base 14, what is 58 + -16917d?
-169125
In base 7, what is -20 + 25155130?
25155110
In base 8, what is -1 - -270211762?
270211761
In base 14, what is 12 + -29c28a?
-29c278
In base 10, what is 2165 - 24998?
-22833
In base 5, what is -1123 + 4303401?
4302223
In base 10, what is -28 + 8978878?
8978850
In base 3, what is -10010 + 10110000120102?
10110000110022
In base 11, what is 3 - -9083893?
9083896
In base 15, what is -198b - 1d?
-19a9
In base 10, what is -1248210 - 17?
-1248227
I